{"id":75,"date":"2025-11-15T20:08:54","date_gmt":"2025-11-15T20:08:54","guid":{"rendered":"https:\/\/isterningmaskine.dk\/index.php\/vare\/vare\/"},"modified":"2026-04-26T09:05:43","modified_gmt":"2026-04-26T09:05:43","slug":"wilfa-ice-12s-isterningemaskine","status":"publish","type":"product","link":"https:\/\/isterningmaskine.dk\/index.php\/vare\/wilfa-ice-12s-isterningemaskine\/","title":{"rendered":"Wilfa ICE-12S isterningemaskine"},"content":{"rendered":"<p>Lav isterninger hurtigt og ubesv\u00e6ret med en\u00c2 Wilfa\u00c2 isterningemaskine. Isterningemaskinen g\u00f8r det muligt at lave op til 70 isterninger i timen (mulighed for to forskellige st\u00f8rrelser). Kan klare op til 12 kilo is p\u00e5 24 timer.<\/p>\n","protected":false},"excerpt":{"rendered":"<p>Lav isterninger hurtigt og ubesv\u00e6ret med en\u00c2 Wilfa\u00c2 isterningemaskine. Isterningemaskinen g\u00f8r det muligt at lave op til 70 isterninger i timen (mulighed for to forskellige st\u00f8rrelser). Kan klare op til 12 kilo is p\u00e5 24 timer.<\/p>\n","protected":false},"featured_media":77,"comment_status":"open","ping_status":"closed","template":"","meta":[],"product_brand":[],"product_cat":[16,17],"product_tag":[],"class_list":{"0":"post-75","1":"product","2":"type-product","3":"status-publish","4":"has-post-thumbnail","6":"product_cat-ukategoriseret","7":"product_cat-wilfa","9":"first","10":"instock","11":"sale","12":"shipping-taxable","13":"product-type-external"},"_links":{"self":[{"href":"https:\/\/isterningmaskine.dk\/index.php\/wp-json\/wp\/v2\/product\/75","targetHints":{"allow":["GET"]}}],"collection":[{"href":"https:\/\/isterningmaskine.dk\/index.php\/wp-json\/wp\/v2\/product"}],"about":[{"href":"https:\/\/isterningmaskine.dk\/index.php\/wp-json\/wp\/v2\/types\/product"}],"replies":[{"embeddable":true,"href":"https:\/\/isterningmaskine.dk\/index.php\/wp-json\/wp\/v2\/comments?post=75"}],"wp:featuredmedia":[{"embeddable":true,"href":"https:\/\/isterningmaskine.dk\/index.php\/wp-json\/wp\/v2\/media\/77"}],"wp:attachment":[{"href":"https:\/\/isterningmaskine.dk\/index.php\/wp-json\/wp\/v2\/media?parent=75"}],"wp:term":[{"taxonomy":"product_brand","embeddable":true,"href":"https:\/\/isterningmaskine.dk\/index.php\/wp-json\/wp\/v2\/product_brand?post=75"},{"taxonomy":"product_cat","embeddable":true,"href":"https:\/\/isterningmaskine.dk\/index.php\/wp-json\/wp\/v2\/product_cat?post=75"},{"taxonomy":"product_tag","embeddable":true,"href":"https:\/\/isterningmaskine.dk\/index.php\/wp-json\/wp\/v2\/product_tag?post=75"}],"curies":[{"name":"wp","href":"https:\/\/api.w.org\/{rel}","templated":true}]}}